{"id":1361,"date":"2025-02-06T15:19:08","date_gmt":"2025-02-06T15:19:08","guid":{"rendered":"https:\/\/dysko.org\/blog\/?page_id=1361"},"modified":"2025-02-11T14:37:37","modified_gmt":"2025-02-11T14:37:37","slug":"dpc4boys1g","status":"publish","type":"page","link":"https:\/\/dysko.org\/blog\/?page_id=1361","title":{"rendered":"Rodzinna szko\u0142a j\u0119zyka polskiego"},"content":{"rendered":"\n<p class=\"has-blue-color has-text-color has-link-color has-medium-font-size wp-elements-6659a0fca0d74d63b8f104dcdd9ba6e9\"><strong>Lekcja 1<\/strong><\/p>\n\n\n\n<p><span style=\"text-decoration: underline;\">Preparation (przygotowanie):<\/span><br \/>Learn Polish alphabet and sounds and some basic words from this <a href=\"https:\/\/popolskupopolsce.edu.pl\/lekcja\/1\/MAZOWIECKIE\">LINK<\/a><\/p>\n\n\n\n<p><span style=\"text-decoration: underline;\">We will learn (nauczymy si\u0119):<\/span><br \/>1. How to read in Polish<br \/>2. Basic verbs &#8220;to be&#8221; and &#8220;to have&#8221;.<br \/>3. Vocabulary building<\/p>\n\n\n\n<p><span style=\"text-decoration: underline;\">Homework (praca domowa)<\/span><br \/>Complete the multichoice questions 3-8 from the same <a href=\"https:\/\/popolskupopolsce.edu.pl\/lekcja\/1\/MAZOWIECKIE\">LINK<\/a><\/p>\n\n\n\n<p class=\"has-blue-color has-text-color has-link-color has-medium-font-size wp-elements-024d3bfb2e849c76486093af72583d06\"><strong>Lekcja 2<\/strong><\/p>\n\n\n\n<p><span style=\"text-decoration: underline;\">Preparation (przygotowanie):<\/span><br \/>Read this short story-&gt; &#8220;<a href=\"https:\/\/lingua.com\/polish\/reading\/czas-do-szkoly\/\">Czas do szko\u0142y<\/a>&#8220;<\/p>\n\n\n\n<p><span style=\"text-decoration: underline;\">We will learn (nauczymy si\u0119):<\/span><br \/>1. Polish numbers 1-100 (liczby\/numery)<br \/>2. Questions and answers (pytania i odpowiedzi: Co? Kto? Kiedy? Gdzie? Dok\u0105d? Sk\u0105d? Jak? Jaki? Ile? Jak cz\u0119sto? Jak d\u0142ugo? Dlaczego? Kt\u00f3ry?)<br \/>3. Introduction to nouns and adjectives (rzeczowniki i przymiotniki)<br \/>4. Introduction to cases (przypadki)<\/p>\n\n\n\n<figure class=\"wp-block-table\"><table class=\"has-fixed-layout\"><tbody><tr><td><\/td><td>PYTANIA RZECZOWNIKA<\/td><td>PYTANIA PRZYMIOTNIKA<br \/>LICZBA POJEDYNCZA<\/td><td>PYTANIA PRZYMIOTNIKA<br \/>LICZBA MNOGA<\/td><\/tr><tr><td><strong>MIANOWNIK<\/strong><\/td><td>kto? co?<\/td><td>jaki? jaka? jakie?<\/td><td>jakie? jacy?<\/td><\/tr><tr><td><strong>DOPE\u0141NIACZ<\/strong><\/td><td>kogo? czego?<\/td><td>jakiego? jakiej? jakiego?<\/td><td>jakich?<\/td><\/tr><tr><td><strong>CELOWNIK<\/strong><\/td><td>komu? czemu?<\/td><td>jakiemu? jakiej?<br \/>jakiemu?<\/td><td>jakim?<\/td><\/tr><tr><td><strong>BIERNIK<\/strong><\/td><td>kogo? co?<\/td><td>jakiego?\/jaki? jak\u0105? jaki?<\/td><td>jakie?\/jakich?<\/td><\/tr><tr><td><strong>NARZ\u0118DNIK<\/strong><\/td><td>(z) kim? (z) czym?**<\/td><td>jakim? jak\u0105? jakim?<\/td><td>jakimi?<\/td><\/tr><tr><td><strong>MIEJSCOWNIK<\/strong><\/td><td>o kim? o czym?***<\/td><td>o jakim? o jakiej? o jakim?<\/td><td>o jakich?<\/td><\/tr><\/tbody><\/table><\/figure>\n\n\n\n<p>5. Story reading and vocabulary building (czytanie i nowe s\u0142ownictwo)<br \/>6. Prayer (modlitwa &#8220;Ojcze Nasz&#8221;)<br \/><br \/><em>Ojcze nasz,<br \/>kt\u00f3ry\u015b jest w niebie:<br \/>\u015bwi\u0119\u0107 si\u0119 imi\u0119 Twoje,<br \/>przyjd\u017a Kr\u00f3lestwo Twoje,<br \/>b\u0105d\u017a wola Twoja jako w niebie,<br \/>tak i na ziemi.<br \/>Chleba naszego powszedniego<br \/>daj nam dzisiaj.<br \/>I odpu\u015b\u0107 nam nasze winy,<br \/>jako i my odpuszczamy naszym winowajcom.<br \/>I nie w\u00f3d\u017a nas na pokuszenie,<br \/>ale nas zbaw od z\u0142ego.<br \/><br \/>Amen.<\/em><\/p>\n\n\n\n<p><span style=\"text-decoration: underline;\">Homework (praca domowa)<\/span><br \/>TBC<\/p>\n\n\n\n<p><\/p>\n","protected":false},"excerpt":{"rendered":"<p>Lekcja 1 Preparation (przygotowanie):Learn Polish alphabet and sounds and some basic words from this LINK We will learn (nauczymy si\u0119):1. How to read in Polish2. Basic verbs &#8220;to be&#8221; and &#8220;to have&#8221;.3. Vocabulary building Homework (praca domowa)Complete the multichoice questions &hellip; <a href=\"https:\/\/dysko.org\/blog\/?page_id=1361\">Continue reading <span class=\"meta-nav\">&rarr;<\/span><\/a><\/p>\n","protected":false},"author":15,"featured_media":1325,"parent":0,"menu_order":0,"comment_status":"open","ping_status":"closed","template":"","meta":{"footnotes":""},"class_list":["post-1361","page","type-page","status-publish","has-post-thumbnail","hentry"],"_links":{"self":[{"href":"https:\/\/dysko.org\/blog\/index.php?rest_route=\/wp\/v2\/pages\/1361","targetHints":{"allow":["GET"]}}],"collection":[{"href":"https:\/\/dysko.org\/blog\/index.php?rest_route=\/wp\/v2\/pages"}],"about":[{"href":"https:\/\/dysko.org\/blog\/index.php?rest_route=\/wp\/v2\/types\/page"}],"author":[{"embeddable":true,"href":"https:\/\/dysko.org\/blog\/index.php?rest_route=\/wp\/v2\/users\/15"}],"replies":[{"embeddable":true,"href":"https:\/\/dysko.org\/blog\/index.php?rest_route=%2Fwp%2Fv2%2Fcomments&post=1361"}],"version-history":[{"count":15,"href":"https:\/\/dysko.org\/blog\/index.php?rest_route=\/wp\/v2\/pages\/1361\/revisions"}],"predecessor-version":[{"id":1383,"href":"https:\/\/dysko.org\/blog\/index.php?rest_route=\/wp\/v2\/pages\/1361\/revisions\/1383"}],"wp:featuredmedia":[{"embeddable":true,"href":"https:\/\/dysko.org\/blog\/index.php?rest_route=\/wp\/v2\/media\/1325"}],"wp:attachment":[{"href":"https:\/\/dysko.org\/blog\/index.php?rest_route=%2Fwp%2Fv2%2Fmedia&parent=1361"}],"curies":[{"name":"wp","href":"https:\/\/api.w.org\/{rel}","templated":true}]}}