{"id":41,"date":"2007-12-04T23:26:56","date_gmt":"2007-12-04T21:26:56","guid":{"rendered":"http:\/\/www.dysko.org\/blog\/?page_id=41"},"modified":"2007-12-05T02:25:54","modified_gmt":"2007-12-05T00:25:54","slug":"guestbook","status":"publish","type":"page","link":"https:\/\/dysko.org\/blog\/?page_id=41","title":{"rendered":"Guestbook \/ Ksi\u0119ga Go\u015bci"},"content":{"rendered":"<p>Please, sign our Guestbook, especially if you enjoyed the visit :).  Thanks!<\/p>\n<p>Prosz\u0119, wpiszcie si\u0119 do naszej ksi\u0119gi go\u015bci, szczeg\u00f3lnie je\u015bli wizyta sprawi\u0142a Wam rado\u015b\u0107 :). Dzi\u0119kujemy!<\/p>\n","protected":false},"excerpt":{"rendered":"<p>Please, sign our Guestbook, especially if you enjoyed the visit :). Thanks! Prosz\u0119, wpiszcie si\u0119 do naszej ksi\u0119gi go\u015bci, szczeg\u00f3lnie je\u015bli wizyta sprawi\u0142a Wam rado\u015b\u0107 :). Dzi\u0119kujemy!<\/p>\n","protected":false},"author":15,"featured_media":0,"parent":0,"menu_order":1,"comment_status":"open","ping_status":"closed","template":"guestbook.php","meta":{"footnotes":""},"class_list":["post-41","page","type-page","status-publish","hentry"],"_links":{"self":[{"href":"https:\/\/dysko.org\/blog\/index.php?rest_route=\/wp\/v2\/pages\/41","targetHints":{"allow":["GET"]}}],"collection":[{"href":"https:\/\/dysko.org\/blog\/index.php?rest_route=\/wp\/v2\/pages"}],"about":[{"href":"https:\/\/dysko.org\/blog\/index.php?rest_route=\/wp\/v2\/types\/page"}],"author":[{"embeddable":true,"href":"https:\/\/dysko.org\/blog\/index.php?rest_route=\/wp\/v2\/users\/15"}],"replies":[{"embeddable":true,"href":"https:\/\/dysko.org\/blog\/index.php?rest_route=%2Fwp%2Fv2%2Fcomments&post=41"}],"version-history":[{"count":0,"href":"https:\/\/dysko.org\/blog\/index.php?rest_route=\/wp\/v2\/pages\/41\/revisions"}],"wp:attachment":[{"href":"https:\/\/dysko.org\/blog\/index.php?rest_route=%2Fwp%2Fv2%2Fmedia&parent=41"}],"curies":[{"name":"wp","href":"https:\/\/api.w.org\/{rel}","templated":true}]}}